by 2227?
10
Calculate the remainder when 1679597 is divided by 79980.
17
What is the remainder when 11885321 is divided by 6614?
6577
Calculate the remainder when 8284485 is divided by 690372.
21
Calculate the remainder when 4511422 is divided by 1216.
62
Calculate the remainder when 323587 is divided by 64684.
167
What is the remainder when 1013534 is divided by 13884?
2
What is the remainder when 166947 is divided by 33369?
102
What is the remainder when 4230493 is divided by 41?
31
What is the remainder when 30284 is divided by 944?
76
What is the remainder when 86 is divided by 80?
6
Calculate the remainder when 172164522 is divided by 6.
0
What is the remainder when 983494 is divided by 65524?
634
Calculate the remainder when 30387 is divided by 6047.
152
What is the remainder when 1687544 is divided by 1687475?
69
What is the remainder when 36728476 is divided by 140185?
6
What is the remainder when 7417344 is divided by 309056?
0
What is the remainder when 135890 is divided by 44598?
2096
What is the remainder when 95383533 is divided by 31794510?
3
Calculate the remainder when 21699 is divided by 632.
211
What is the remainder when 144306 is divided by 1494?
882
What is the remainder when 449632 is divided by 221?
118
What is the remainder when 813080 is divided by 2541?
2501
What is the remainder when 377481 is divided by 5344?
3401
What is the remainder when 61418671 is divided by 332?
331
Calculate the remainder when 16530 is divided by 8169.
192
What is the remainder when 87801 is divided by 29028?
717
Calculate the remainder when 2077335 is divided by 230813.
18
Calculate the remainder when 6136634 is divided by 282.
32
What is the remainder when 34559 is divided by 17042?
475
Calculate the remainder when 212462 is divided by 212437.
25
Calculate the remainder when 2103242656 is divided by 19.
17
What is the remainder when 116235 is divided by 57945?
345
Calculate the remainder when 226117 is divided by 3277.
4
What is the remainder when 30499941 is divided by 398?
7
What is the remainder when 1137999 is divided by 377?
213
What is the remainder when 970957 is divided by 192?
13
What is the remainder when 1905051 is divided by 475916?
1387
Calculate the remainder when 1358596 is divided by 593.
33
Calculate the remainder when 320179 is divided by 10.
9
What is the remainder when 201385 is divided by 503?
185
Calculate the remainder when 335719814 is divided by 136.
6
What is the remainder when 1630511 is divided by 115?
41
What is the remainder when 1419593 is divided by 195?
188
Calculate the remainder when 4771620 is divided by 1590474.
198
What is the remainder when 20937521 is divided by 629?
627
Calculate the remainder when 3908186 is divided by 111.
98
What is the remainder when 59746 is divided by 13952?
3938
What is the remainder when 226781612 is divided by 13?
5
What is the remainder when 3011310 is divided by 64064?
302
Calculate the remainder when 1999436 is divided by 999628.
180
Calculate the remainder when 770595 is divided by 256862.
9
Calculate the remainder when 83872830 is divided by 10093.
0
Calculate the remainder when 3399045 is divided by 10556.
13
What is the remainder when 2070008 is divided by 2069993?
15
Calculate the remainder when 661310 is divided by 186.
80
Calculate the remainder when 10391632 is divided by 556.
548
Calculate the remainder when 374886 is divided by 4686.
6
Calculate the remainder when 176529 is divided by 35299.
34
Calculate the remainder when 130409540 is divided by 1530.
1520
Calculate the remainder when 404076 is divided by 67344.
12
What is the remainder when 288441891 is divided by 96147294?
9
Calculate the remainder when 87859 is divided by 1024.
819
What is the remainder when 835555 is divided by 835545?
10
Calculate the remainder when 60305129 is divided by 18.
17
What is the remainder when 46540 is divided by 490?
480
What is the remainder when 1657802 is divided by 414450?
2
What is the remainder when 823978 is divided by 74905?
23
Calculate the remainder when 54923815 is divided by 101.
15
Calculate the remainder when 301477 is divided by 3544.
237
Calculate the remainder when 16411 is divided by 2249.
668
What is the remainder when 33261962 is divided by 2016?
1994
Calculate the remainder when 5776325 is divided by 601.
114
Calculate the remainder when 1182652 is divided by 9387.
9277
What is the remainder when 2785115 is divided by 9346?
7
Calculate the remainder when 1315648 is divided by 4835.
528
Calculate the remainder when 328803537 is divided by 1410.
1407
Calculate the remainder when 309785 is divided by 1095.
995
What is the remainder when 618564 is divided by 11670?
54
What is the remainder when 57287430 is divided by 259?
256
Calculate the remainder when 930086 is divided by 8379.
17
Calculate the remainder when 68844441 is divided by 2787.
2754
What is the remainder when 2200946 is divided by 1807?
20
What is the remainder when 165580499 is divided by 25?
24
What is the remainder when 1825734 is divided by 20746?
86
Calculate the remainder when 834170 is divided by 12025.
4445
What is the remainder when 65586623 is divided by 48?
47
What is the remainder when 2576767 is divided by 1288368?
31
What is the remainder when 38909599 is divided by 17?
16
Calculate the remainder when 372983 is divided by 74594.
13
Calculate the remainder when 22992275 is divided by 467.
464
Calculate the remainder when 6919090 is divided by 543.
184
Calculate the remainder when 61956 is divided by 5593.
433
Calculate the remainder when 36117 is divided by 657.
639
Calculate the remainder when 27693 is divided by 13812.
69
What is the remainder when 1096145 is divided by 26?
11
What is the remainder when 155936 is divided by 2999?
2987
What is the remainder when 24363077 is divided by 23?
5
Calculate the remainder when 11267695 is divided by 276.
271
Calculate the remainder when 898464 is divided by 3279.
18
Calculate the remainder when 152688 is divided by 38070.
408
Calculate the remainder when 47556 is divided by 3132.
576
Calculate the remainder when 537623 is divided by 4556.
15
Calculate the remainder when 291409 is divided by 115.
114
Calculate the remainder when 3174117 is divided by 1158.
39
Calculate the remainder when 60268 is divided by 3164.
152
Calculate the remainder when 81054171 is divided by 3728.
3723
What is the remainder when 6556948 is divided by 7862?
40
What is the remainder when 13495 is divided by 12587?
908
What is the remainder when 34977727 is divided by 105993?
37
What is the remainder when 366239 is divided by 366055?
184
What is the remainder when 1063350 is divided by 12510?
0
Calculate the remainder when 6841029 is divided by 66.
63
Calculate the remainder when 31232248 is divided by 1322.
1320
What is the remainder when 3659527 is divided by 11508?
11491
Calculate the remainder when 4407257 is divided by 130.
127
Calculate the remainder when 66748 is divided by 64072.
2676
Calculate the remainder when 11807342 is divided by 2426.
0
Calculate the remainder when 694293 is divided by 582.
549
What is the remainder when 8772 is divided by 3021?
2730
Calculate the remainder when 56575 is divided by 56569.
6
Calculate the remainder when 40649627 is divided by 10162401.
23
Calculate the remainder when 6156734 is divided by 39.
38
Calculate the remainder when 55940299 is divided by 27.
25
What is the remainder when 17044570 is divided by 1561?
11
What is the remainder when 39483764 is divided by 1787?
1786
Calculate the remainder when 598992 is divided by 99802.
180
Calculate the remainder when 576186 is divided by 115177.
301
What is the remainder when 509268 is divided by 169?
71
What is the remainder when 516608 is divided by 172197?
17
What is the remainder when 3468673 is divided by 133409?
39
What is the remainder when 10899 is divided by 118?
43
What is the remainder when 244195978 is divided by 2586?
2584
Calculate the remainder when 12971861 is divided by 38.
29
Calculate the remainder when 153845345 is divided by 1451371.
19
What is the remainder when 324990 is divided by 102?
18
What is the remainder when 51834529 is divided by 265?
264
Calculate the remainder when 401175123 is divided by 377.
375
What is the remainder when 3457226 is divide